 third derivative of -o**4/12 - o**3/3 + o**2. Let q be y(-2). Determine s(q).
-9
Let r(o) = 264*o + 2898. Let j be r(-11). Let w(p) = -13*p - 98. What is w(j)?
-20
Let z(q) = -q**3 + 7*q**2 - 8*q - 6. Let g be (6 - 7 - 9/(-5))*20. Let n be 16/3 - g/(-24). What is z(n)?
-18
Let p be (-3 + -1)/(12/(-8 + 14)). Let q be (272/340)/(p/(-15)). Let n(k) = k**3 - 6*k**2 + 2*k - 3. Determine n(q).
9
Let u(h) = 12*h**2 + 18*h**2 - 3 + 7*h**2 - 3*h - 36*h**2 + 14*h**3 + 4*h. Give u(1).
13
Let i(v) = -v**3 - 5*v**2 - v + 5. Let s = -38 + 48. Suppose -5*x - 5 = 0, -3*m - 3*x - s = 5. Determine i(m).
-7
Let t(w) = w**3 + 24*w**2 - 355*w - 501. Let h be t(-34). Let d(u) = 34*u - 295. Calculate d(h).
11
Let y(i) = -21*i + 0*i + 9*i + 32. Let v be y(3). Let d(h) = -h**2 - 4*h + 5. Calculate d(v).
5
Let t(y) = y**2 - 6*y + 1. Suppose -5 = 284*c - 283*c - 2*a, 4*c + 5*a - 45 = 0. Calculate t(c).
-4
Let n = 27 + -31. Let u be (n - -15) + 1 - -4. Let q = u + -15. Let l(k) = 9*k - 1. Calculate l(q).
8
Let g be 9/(-33) - 5475/(-2409). Let q(y) = -5*y**3 + 8*y**2 - 2*y + 7. Give q(g).
-5
Suppose -2*w - 77*w = -553. Let y(f) = f**2 - 3*f - 6. Give y(w).
22
Let z be 2/(-36)*(-16 - 425/(-50)). Let d(y) be the third derivative of 2*y**3 - 1/60*y**5 - 44*y**2 - z*y**4 + 0 + 0*y. Determine d(-11).
1
Let s(v) be the second derivative of 5*v**4/12 + 4*v**3/3 + 4*v**2 + 1910*v. What is s(-1)?
5
Suppose 5*f - 25 = 0, w - 16 = 26*f - 28*f. Let z be 1/((-1)/(-3) + w/(-12)). Let s(l) = l. What is s(z)?
-6
Suppose -5*o - 1 = -16. Let y be (-3)/((o/5)/((-6)/15)). Let c(f) = 3*f**2 - 7*f + 8. Let v(r) = -r**2. Let j(z) = y*v(z) + c(z). Calculate j(6).
2
Let s = -476 + 584. Let n be (-24)/9 - -3 - 144/s. Let r(i) = 31*i**2 + 1. Calculate r(n).
32
Let y be (2/(-4))/((-5)/40). Suppose 3*o + 0 - y = -b, 2*o - 31 = 5*b. Let w(m) = -m**2 + 3*m + 1. Calculate w(o).
1
Let v = -982 - -986. Let x(u) = -u**3 + u**2 + 12*u - 3. Calculate x(v).
-3
Let m(r) = -r**3 - 5*r**2 - 5*r - 23. Let g be m(-5). Let i(b) = -3*b**2 - 4*b - 2 - 12*b**2 - 26*b**g + 39*b**2. Determine i(-4).
-18
Let u(d) be the second derivative of -d**5/60 - 13*d**4/24 + d**3 - 269*d**2/2 + 105*d. Let f(o) be the first derivative of u(o). Calculate f(-13).
6
Let b(k) = -4*k + 64. Let s = 3543 + -3526. Calculate b(s).
-4
Let s(r) = -3*r - 57. Let b be s(-23). Let f(c) = -186*c**2 + 6 - 4*c + 187*c**2 - b. Determine f(6).
6
Suppose -23*h = -28*h + 25. Suppose -h*m + 35 + 105 = 0. Suppose 0*w = -2*w - 5*v + 4, -5*v + m = 4*w. Let y(k) = -k**2 + 12*k + 5. Calculate y(w).
5
Let i(b) be the first derivative of -b**4/4 - 4*b**3 + 2*b**2 - 11*b + 905. Determine i(-12).
-59
Let y(p) = -3*p**2 - 37*p + 17. Let g = 9682 + -9695. Give y(g).
-9
Let x(f) = 9*f + 1. Let g(r) = -8*r - 2. Let v(w) = 6*g(w) + 5*x(w). Suppose 12 = -5*z + 52. What is v(z)?
-31
Let c = -31 + -70. Let m = 93 + c. Let a(n) = -n**3 - 7*n**2 + 7*n - 8. What is a(m)?
0
Let z(a) = -a**3 - 13*a**2 + 885*a - 92. Let g be z(-37). Let p(t) = -14*t + 263. Give p(g).
-3
Let y(u) = 24*u + 72. Let q(w) = -5*w - 15. Let p(z) = -14*q(z) - 3*y(z). Suppose 61 - 12 = 7*b. Let l = -13 + b. What is p(l)?
6
Suppose 2*i + 12 = -4*l, -5*i - 5*l - 13 = -3*i. Let j(f) be the first derivative of 1/3*f**3 + 53 + 2*f**2 - 4*f. Calculate j(i).
-4
Let k(g) = g**2 - 4*g. Let q(p) = p**3 - 35*p**2 - 75*p + 41. Suppose b = -27 + 64. Let u be q(b). Give k(u).
0
Let p(r) be the third derivative of r**5/30 + r**4/12 - r**3/3 - 3*r**2. Let a = 10673 - 10676. What is p(a)?
10
Suppose o = -3*o + 16. Suppose 0*f = -o*f + 60. Let b = f + -9. Let k(g) = g + 3. Give k(b).
9
Let h(g) be the third derivative of 0 + 1/60*g**5 + 1/2*g**3 - 2*g**2 + 0*g - 1/3*g**4. Let k(l) = -58*l + 2850. Let z be k(49). Give h(z).
3
Let m be 136/56 - (-5)/((-35)/3). Let h(q) = 100*q**2 + 19*q + 19. Let j(f) = -16*f**2 - 3*f - 3. Let x(o) = 2*h(o) + 13*j(o). Give x(m).
-35
Let t(d) be the third derivative of -d**5/60 + 5*d**4/12 + 22*d**3/3 - 343*d**2 - 2*d. Calculate t(13).
5
Let w(c) = -4*c - c**2 + 5*c + 11*c - 6. Suppose 0 = 3*l - 27, -2*a = -l - 251 + 236. What is w(a)?
-6
Let h(m) = -m**2 - 7*m - 2. Suppose -2*l - v - 8 = 5, 0 = v + 1. Let x be h(l). Let t(q) = 10*q + x - 9*q - 10 - 6. Determine t(11).
-1
Suppose -12*u + 8*u = 460. Let z be 368/u*(-5)/2. Let n(f) = f**2 - 6*f - 1. What is n(z)?
15
Let l be 18/(-2)*(-135 - -1). Let f(j) = 8 - 6 + l*j - 1211*j. What is f(2)?
-8
Let b(f) = -2*f + 4. Let q(s) = 7*s**3 - 3*s**2 - 25*s + 2. Let m(v) = 15*v**3 - 5*v**2 - 48*v + 3. Let w(o) = 6*m(o) - 13*q(o). Let c be w(12). Calculate b(c).
-4
Suppose 0 = 5*d - 79 + 39. Let y(p) = p**3 - 8*p**2 + p - 9. Let h be y(d). Let w(n) = 1. Let t(r) = -10*r - 6. Let m(k) = t(k) + 5*w(k). What is m(h)?
9
Let h(p) = 2127*p - 42. Let w(t) = -99*t + 2. Let r(s) = 6*h(s) + 129*w(s). Let m be 0 + 0 - 2/(-1). Calculate r(m).
-12
Let t(q) = -q**2 + 10*q + 28. Suppose 8*a - 63 = -152 + 65. Determine t(a).
-11
Suppose 4*x + 3*w = 14, -w + 11 + 12 = 5*x. Let n(v) = -v**3 + 6*v**2 - 5*v - 1. Give n(x).
-1
Let x(b) = -8*b**3 + 981*b + 4 + 4*b**2 - 1971*b + 985*b. Give x(2).
-54
Suppose -20*b = -12990 + 13050. Let x(t) = -t**3 - 6*t**2 - 10*t - 3. Calculate x(b).
0
Let b(a) = 2*a**2 - 59*a + 115. Let s be b(2). Let n(v) be the third derivative of v**5/60 - v**4/8 - v**3/3 - 16*v**2. What is n(s)?
8
Let b(c) = -c**2 + 7*c + 8. Let h be b(8). Let x(o) = -3*o + 6. Let f(g) = 16 + 0*g + 22 - 9 - 16*g. Let y(z) = -2*f(z) + 11*x(z). Calculate y(h).
8
Let q(i) = i**2 + 4*i - 8. Let c(y) = -2*y**2 - 7*y + 16. Let d(p) = -2*c(p) - 5*q(p). Let w(n) = 58*n - 645. Let o be w(11). Determine d(o).
1
Suppose -5*n + 81*a = 86*a - 30, 2*n - 10 = -a. Let b(h) = -h - 1. Let r(w) = -w**2 + 4*w + 12. Let l(i) = 6*b(i) + r(i). Give l(n).
-18
Let v(q) be the first derivative of q**4/12 + 14*q**3/3 + 5*q**2/2 - q + 75. Let b(g) be the second derivative of v(g). Calculate b(-12).
4
Let j(v) = 213*v - 34. Let m(a) = 54*a - 10. Let s(r) = -3*j(r) + 11*m(r). Determine s(2).
-98
Let o(i) = 23*i**2 + i - 2. Let v(u) = 54*u**2 + 3*u - 5. Let s(h) = 7*o(h) - 3*v(h). Let l be -2*((-10)/4)/(-1). Determine s(l).
-14
Suppose -16*u = -21*u - 30. Let y be (-14)/(-5)*(-15)/u. Let x(z) = -7*z**2 - z + 1. Let h(g) = -6*g**2 + 1. Let w(l) = -6*h(l) + 5*x(l). Calculate w(y).
13
Let s(a) = a**2 - 200*a - 613. Let o be s(-3). Let w(p) = -p**2 - p + 14. Determine w(o).
2
Let o(t) = -3*t - 25. Let x(z) = z**2 + 18*z - 43. Let b be x(-33). Suppose b*d + 51 = 449*d. Calculate o(d).
26
Let s = -43 - -45. Let g be (-1*2/s)/1. Let c(z) = z + 1. Let m(k) = 4*k + 1. Let w(b) = g*c(b) - m(b). Determine w(-2).
8
Let g(x) = -32*x + 17. Suppose 13*z - 19 = -20 - 51. Give g(z).
145
Let t(s) = 9*s**3 - s**2 + 2*s - 1. Suppose 0 = -2*n - p, -n + 0*p = 2*p + 6. Suppose -5*a + 31 = -n*y - 2*y, 4*y = -16. Suppose -a*u - 1 = -4. Determine t(u).
9
Let v(d) = -769*d + 764*d + 14 - 128. Determine v(-24).
6
Let r(t) be the second derivative of -t**3/6 - 2*t**2 - 5*t. Let f(g) = g**2 - 5*g - 6. Let j = -23 + 29. Let b be f(j). Give r(b).
-4
Let v(f) = 3*f**3 - 2*f**2 - 10*f + 5. Let j(b) = -4*b**2 - 111*b - 577. Let l be j(-7). Calculate v(l).
125
Let k(v) = -v - 1. Let u = 11 - 7. Let i(f) = 3*f - 3*f - 4*f + 5*f. Let c(p) = u*k(p) + 5*i(p). Give c(-4).
-8
Suppose 5*p - 78 = 2*j, -25*p + 29*p - 69 = -5*j. Let k(u) = -u + 10. What is k(p)?
-6
Let p(h) = h**2 - 5*h - 3. Suppose v + 2035 = -4*v + n, -2*v = -3*n + 827. Let t = -402 - v. Calculate p(t).
-7
Let c(n) = 126*n**3 + 2*n**2 + n. Suppose -13*z + 24*z + 33 = -22*z. Calculate c(z).
-125
Let n(d) be the third derivative of -d**6/120 + d**4/6 - 4*d**3/3 + 842*d**2. Calculate n(5).
-113
Let q(o) = -o**3 + 9*o**2 + 9*o + 6. Let x be -2*(-2 - (5 + -2)). Let u be q(x). Let s(n) be the third derivative of -n**4/24 + 2*n**2 - 5*n. What is s(u)?
4
Let g(h) be the first derivative of 8*h**2 + 1848. Give g(-1).
-16
Let l(a) = 4*a + 11. Let c(j) = -j + 1. Let d(n) = -3*c(n) - l(n). Suppose 3*o = -22 + 28. Suppose -k = -4*w + o*w + 16, -15 = -5*w. Give d(k).
-4
Let g be (6 + -15 + 9)/(-2 - 0). Let k(r) be the second derivative of 4*r + 7/20*r**5 + 0 + g*r**3 + 1/12*r**4 - 1/2*r**2. Calculate k(-1).
-7
Let i(x) = -x**3 - 8*x**2 - 5*x - 6. Let o(q) be the second derivative of